value of -12 + -12 + 13 + (3 - 1) + 9?
0
What is -49 + -5 + (8 - -9) + 4?
-33
What is 4 + -4 + (-24 - (20 - (-15 + 80)))?
21
Calculate -5 + -10 + -8 + 74 + (-2 - (7 - -1)).
41
What is (-45 + 24 - 34) + 30?
-25
What is 25 - (41 + 35) - (6 - -1)?
-58
Calculate ((15 - (-4 - -13)) + -22 - 2) + 9.
-9
What is 4 + -2 + -1 + (-3 + (-13 - 9) - -45)?
21
Calculate 9 + (20 - (-4 + 18 + -33)).
48
What is (-29 - (39 - 93)) + -8 - (-1 - -74)?
-56
Calculate (-250 + 59 - -195) + 0 + -16.
-12
Calculate (1 - 29) + 27 - 27.
-28
(171 - -5 - 214) + (-2 - 13) + 2
-51
Calculate -13 - (5 + (17 - 0 - 9) + 11 - -11).
-48
(3 - -1) + -910 + 930
24
-10 - ((11 - 10) + (-9 - -3) + 7)
-12
What is -32 + -12 - (4 - (-9 - -7 - (1 + -3)))?
-48
Calculate (-41 - -46) + -33 + 22.
-6
-2 + 30 + 8 + -6 + (-16 + 3 - -5)
22
-18 + -272 + 377 + (-21 - -2)
68
What is (-25 - -19) + (-56 - -46) - (0 - (9 - 1))?
-8
Calculate -57 + (31 - 88) + 136.
22
What is -80 + 75 + (7 + 6 + 2 - -6)?
16
Calculate (1 - (1 + -5)) + (-51 - (-6 + (3 - 1))).
-42
What is the value of -4 + (301 - 319 - (0 - 2 - 30))?
10
-66 - (-49 - (31 + -34))
-20
What is 25 - ((6 - (-22 + 22)) + -11)?
30
What is the value of (-7 + 9 - -12) + (-6 - -59) + 25 + -14?
78
Calculate (33 - 10) + -53 + 46.
16
Calculate 48 + -84 + 58 + -10 + -62.
-50
74 - 81 - (-27 - 0) - -8
28
Calculate -175 + 221 + (-71 - 2).
-27
What is the value of (56 - -1) + (-3794 - -3700)?
-37
Evaluate -22 + (106 - (-11 + 63)).
32
What is the value of -42 - (12 + ((28 - 20) + -1 + -11 - 3))?
-47
50 + -7 - (-23 + 69)
-3
What is -1 + 47 + (7 - 15)?
38
What is 11 + (7 - 12) - 42 - (0 + -1 - -9)?
-44
Evaluate 1605 + -1571 - (0 + 35).
-1
Calculate (175 + -118 - (1 + -1 + 1)) + 20 + -19.
57
-19 - ((-7 - -4) + -182) - (12 + 3 + -4)
155
What is 2 - (5 - -4) - ((-7 - -5) + (4 - 11))?
2
What is the value of -12 - (18 + -41 + 3 - 62) - 3?
67
What is 41 + -1 - (5777 - 5770)?
33
Evaluate (-2 - 0) + -23 + 43 + -62.
-44
Evaluate (13 - 1) + (-147 + 27 - -114).
6
What is (-3 + 10 - -10) + (-15 - 20)?
-18
Evaluate 257 - 274 - (-39 - 1).
23
-1754 - -1789 - (-15 - (0 + 0))
50
Evaluate (81 - 70) + 5 + (-7 + (-97 - 0) - 1).
-89
Evaluate 10 - -3 - (-16 - (2 + -17)) - 84.
-70
(-13 - 3 - (-21 + 40) - -22) + 23
10
Evaluate 1 + 14 + 25 - (-2 + (-7 - -6)).
43
Evaluate (47 - ((17 - 42) + 54)) + -9.
9
Calculate -8 - -41 - 8 - (121 + 11 + -8).
-99
What is the value of (-2 - 120) + -41 + (74 - (62 + -26))?
-125
What is the value of -19 - 4 - (-64 + (-98 - -42))?
97
Evaluate (4 + 26 + -55 - -19) + (-2 - (-1 - 6)).
-1
What is the value of 73 + -57 - (7 - 3)?
12
What is the value of ((-49 - -27) + -6 - -37) + 19?
28
Evaluate -1 + (-16 - -9 - -9) + 18 + -8 + 1.
12
(193 - 146) + -94 - (2 + -92)
43
Evaluate -4 + (-7 - (-6 + 12 - 40)) + -9.
14
171 + (-253 + 242 - (-1 + -1)) - 6 - 14
142
What is (-9083 - -9248) + 1 + -134?
32
3 + 65 + -12 + 24 + -52
28
Evaluate (-7 - -2) + -1374 + 1357.
-22
Calculate -8 - ((152 - 136) + 0 + -105).
81
Calculate 54 + (0 - (-8 + 1 - (-96 + 92)) - 4).
53
What is 1 + -1 - ((129 + -109 - 2) + (2 - -46))?
-66
Evaluate 59 - (-44 + (-3 - -24) - -38).
44
Evaluate (-2 + 0 - -165) + -440 + -281 + 710.
152
Evaluate 15 + -37 + 19 + 7 + 8.
12
What is the value of 14 + 4 + -36 - (-11 + 60 + 5)?
-72
What is the value of 6 + -40 - (61 + 20 - 34)?
-81
What is -8 + (9 + 3 + -1 + -15 - -13) + -63?
-62
(2 - 5 - (-40 + 33 - 6)) + -59
-49
Calculate 15 + (-12 - 13) + (3 - (6 - (-7 - -85))).
65
Evaluate -121 - -187 - 52 - (-1 + 17 + 2).
-4
What is the value of 3 + (-6 - 0) - -3 - (5 - (48 + -13))?
30
Evaluate 11 + (-16 - -38) - 22.
11
Calculate (-7 - -4 - -1) + (-58 - -66) - (-5 + 3).
8
Calculate (-1 - (8 + -11)) + -7 + (-40 - (2 - 4)).
-43
What is the value of 0 + (-13 - -8) + (8 - (-6 - (4 + -7)))?
6
What is (-17 - -1) + 38 + -20 + -10?
-8
What is 3850 - 3915 - (0 - 38)?
-27
(341 - 407 - (-2 + -2)) + -6 + 0
-68
11 + 10 + -2 + (514 - 549)
-16
What is (1 - 6) + (1051 - 1055 - (-16 + 0))?
7
-8 - ((-10 + 28 - 15) + (56 - (6 - 1)))
-62
Evaluate -1 - 98 - (-4447 - -4381).
-33
What is the value of (0 - -7) + 20 + (3 - 5 - -18)?
43
What is the value of (-110 - -128) + -14 + (-1 - -42)?
45
What is the value of -39 - -52 - (1 - 13 - 1) - (1 - -6)?
19
Evaluate -232 + 246 + 9 + -66.
-43
What is the value of 5 + 6 + (-20 - -28 - (-30 + 42))?
7
Calculate 0 - -6 - ((3 - 58) + -7 + -40 + 37).
71
What is 4 + (-1 - (0 + 3 - (-266 + 296)))?
30
What is the value of (-40 - 3) + (-9 + -7 + 12 - -18)?
-29
What is -4 - (-1 + 3 + -2) - ((-7 - 0) + 11)?
-8
Calculate 2052 + -2130 - (39 - -2).
-119
Calculate -118 - (-10 + 25 + (-37 - -14 - -9) + 12).
-131
15 + -54 + -5 - (161 - 187)
-18
Evaluate -4 + 27 + -29 - -35 - (-4 + -1).
34
What is -16 + -148 + (-35 - -73) + 7 + -2?
-121
What is (-54 - -2 - 2) + (332 - -20) + -337?
-39
What is (-26 - -45) + -38 + -2 + -13?
-34
What is 14 + (53 - 39) + 2 + 1 + 2?
33
Evaluate (-581 - -637) + 0 + -6 + (1 - -1).
52
Calculate (38 - 29) + -16 - -44.
37
Evaluate -26 - (1 - 0 - (-337 + 360)).
-4
Calculate (23 + -47 - -14) + (-54 - 78).
-142
(-51 - -23 - -44) + -11
5
(-95 - -4 - (6 + -12 + 20 + -20)) + 13
-72
What is the value of 0 + -19 - ((22 - -10 - 43) + -1) - 82?
-89
60 + (16 - (38 - 6))
44
What is 158 + -189 + 2 + 53?
24
What is 7 + -39 + 11 + (-57 - -77) + (-2 - 95)?
-98
Calculate (151 - (-25 + 120)) + -2.
54
What is -8 + (2 - -2) + 7 + -105 + 146?
44
What is 104 + -7 + -21 - 36?
40
Evaluate 1 - -5 - ((-36 - 13) + 31 + -21).
45
What is the value of (0 + 61 - 60) + 93?
94
What is the value of -116 + 59 + 14 + 16 + 1?
-26
What is the value of -69 + (-49 - -135) - (-12 + 0)?
29
(-3738 - -3888) + -167 + -3
-20
Calculate -13 + -2 + -4 + -51 + -9.
-79
(-52 - (90 - 226)) + -11 + -40
33
What is 319 + -574 + 416 - (-1 + 1 - (-19 + 3))?
145
Calculate 0 - -55 - (16575 - 16604).
84
What is the value of 67 + (-54 - (56 - 95))?
52
What is 1 + -79 + (1540 - 1457)?
5
Evaluate 86 + (69 - 215) - (-1 - (-3 + 0)).
-62
(-16 - -9) + 5 - 14 - -56
40
74 + (1 - 56) + 61
80
What is the value of (131 - 26) + -100 + -86?
-81
Calculate -6 + -55 - (-1687 + 1661).
-35
Evaluate -28 + (-189 - -80) + (8 - -36).
-93
(-3 - (-22 - -14) - (12 + -3)) + 40 - -1
37
What is (10 - 34 - 15) + 31 - (55 + (5 - 3))?
-65
14 + (-4 - (6 + -36 + 17) - 20)
3
What is the value of 0 - 0 - 24 - (12612 - 12694)?
58
Calculate 74 - (53 + (45 - -39)).
-63
Evaluate 78 + (-135 - -65) + -50.
-42
What is the value of 10 + -87 - (24 - 21 - 43)?
-37
What is the value of (39 - -89 - 128 - (1 - 2 - 10)) + -125?
-114
What is 1173 + -1271 - (4 + -4 + 3 + (-1 - 1))?
-99
-3 + (-8 - -2 - -6) + -14 + 9 + -128
-136
What is -185 + 196 + -94 + 0 + 8 + -19?
-94
Calculate 0 + -7 + 1 + (-24 - -8 - -11).
-11
What is the value of 60 - 47 - -8 - -40?
61
What is the value of -21 - (30 + (-75 - -40))?
-16
Calculate 3 - (-26 - (52 - 101)).
-20
-3 + (2 - 0) + (-23 + (19 - 40) - 8)
-53
What is the value of 14 - 7 - 8 - (6 + (-1 - 52) + -3)?
49
What is -54 + 6 + (-8 - -7) - (-10 + -2)?
-37
What is -140 - (77 + -351) - 13?
121
Evaluate 0 - 18 - (4 + (33 - 101)) - (6 + -8).
48
Calculate -8 + (6 - -16) - ((5 - 7) + -12).
28
Calculate 10 - (37 - 14) - (119 + (-2 - 9)).
-121
What is (13 - (-40 + 52)) + (-105 - 2 - (-24 + 23))?
-105
What is the value of (-47 - 9) + 1 + 1 + 1 + -6?
-59
What is the value of -186 + 120 + 75 - (-1 + 0 + 1 - 81)?
90
(-21 - (-10 - -6)) + -1 + 4 - 50
-64
What is -64 + (15 - -39) - (1 - 2 - (6 + -89))?
-92
What is 2 + (-1 - -2 - 12) + -1175 + 437 + 792?
45
What is 2 + (23 + -5 + -6 + -5 - 8)?
1
20 + (-103 - -16) - -35 - -30
-2
Evaluate (2 - 14) + 4 + -11 + 36.
17
Calculate 8 - 20 - ((21 - 3) + -2).
-28
-3 + -3 + (7 + (1 - (-4 - -9)) - 31)
-34
Evaluate (7 - 24 - -46) + 55 - -22.
106
What is -90 + 30 - (-3 - -40) - 7?
-104
4 + 0 + -12 + -4 + (-130 - -134) - 53
-61
What is -15 + (-33 - 32) + 47?
-33
Calculate (-25 + -3 + 7 + 16 - 13) + 25.
7
49 + 10 + -59 + (-4 + 0 - (3 - 4))
-3
What is -87 + (59 - (-43 - -13))?
2
What is the value of -71 + (-10 - -18) + (35 - (51 + 5))?
-84
What is the value of (7 + 6 - 14 - -37) + -15 + 2?
23
What is the value of 9 + (-5 - -3) + 254 + -266 - (-4 - -122)?
-123
What is the value of (-39 - 0) + (-22 + (21 - 34) - -20)?
-54
Evaluate (3 - (6 - 3)) + -12 + 17 + -23.
-18
What is the value of -1 + (-3 - -6) - (-1061 - 